.
77
What is the greatest common divisor of 1315 and 5705785?
1315
What is the greatest common factor of 287 and 4375?
7
Calculate the greatest common divisor of 243000 and 675.
675
Calculate the highest common factor of 430 and 345075.
215
Calculate the greatest common divisor of 35337 and 9.
3
What is the greatest common divisor of 348870 and 2175?
435
Calculate the highest common factor of 1950769 and 151.
151
Calculate the greatest common factor of 195325 and 1950.
325
Calculate the highest common factor of 195 and 48815.
65
What is the greatest common factor of 127092 and 7973?
119
What is the greatest common divisor of 28083 and 148?
37
Calculate the highest common factor of 472654 and 5145.
343
Calculate the highest common factor of 249018 and 98.
98
Calculate the highest common factor of 209 and 34637.
19
What is the greatest common divisor of 45277 and 361?
19
Calculate the greatest common factor of 1120 and 83488.
32
Calculate the greatest common factor of 8850 and 12626.
118
What is the greatest common factor of 36991 and 4189?
71
Calculate the greatest common divisor of 9374 and 5886.
218
Calculate the greatest common factor of 121654 and 26.
26
Calculate the highest common factor of 845 and 5883735.
845
Calculate the greatest common factor of 112447 and 437.
23
What is the highest common divisor of 27363 and 105?
21
Calculate the highest common factor of 267 and 111.
3
What is the greatest common factor of 2419405 and 865?
865
Calculate the highest common divisor of 417256 and 98.
14
What is the highest common factor of 10237 and 203?
29
What is the greatest common factor of 236 and 103427?
59
What is the greatest common factor of 157 and 162809?
157
Calculate the highest common factor of 65050 and 5550.
50
Calculate the highest common divisor of 75 and 6315.
15
Calculate the greatest common divisor of 7 and 166012.
7
What is the highest common divisor of 328 and 25600?
8
Calculate the greatest common factor of 24414 and 429.
39
Calculate the greatest common divisor of 45590 and 94.
94
Calculate the greatest common factor of 10880 and 3320.
40
Calculate the greatest common factor of 1020 and 141865.
85
Calculate the highest common divisor of 514645 and 25.
5
Calculate the greatest common factor of 8302 and 28.
14
Calculate the highest common factor of 33994 and 23.
23
Calculate the highest common divisor of 20 and 6144560.
20
What is the greatest common divisor of 48 and 394192?
16
What is the greatest common divisor of 6275 and 23594?
251
Calculate the highest common factor of 45248 and 55776.
224
What is the greatest common factor of 100608 and 3840?
768
What is the greatest common divisor of 1427891 and 31?
31
Calculate the greatest common factor of 562 and 3103645.
281
What is the highest common factor of 311729 and 374?
187
What is the highest common factor of 18 and 1925262?
18
Calculate the greatest common divisor of 390 and 258.
6
Calculate the highest common factor of 48554 and 132.
22
What is the greatest common divisor of 2142 and 419118?
714
What is the highest common divisor of 20224 and 23147?
79
What is the highest common factor of 39533 and 3809?
13
Calculate the greatest common factor of 3103717 and 3246.
541
Calculate the greatest common divisor of 4492596 and 852.
852
Calculate the greatest common factor of 270 and 1796490.
90
Calculate the greatest common divisor of 3006809 and 13.
13
Calculate the highest common factor of 73781 and 30673.
829
What is the greatest common factor of 30 and 3748?
2
Calculate the highest common divisor of 295624 and 16.
8
Calculate the highest common divisor of 32 and 84784.
16
What is the highest common divisor of 6184 and 19784?
8
Calculate the greatest common divisor of 5316864 and 483.
483
Calculate the greatest common divisor of 264 and 2083323.
33
What is the greatest common factor of 832 and 8047?
13
Calculate the greatest common divisor of 312 and 8346.
78
What is the highest common factor of 2350 and 174464?
94
Calculate the greatest common divisor of 7377 and 327.
3
What is the highest common divisor of 243 and 59751?
27
Calculate the highest common factor of 760 and 477128.
152
Calculate the highest common divisor of 937601 and 119.
119
Calculate the highest common factor of 1425203 and 1443.
481
Calculate the highest common factor of 12469 and 4.
1
What is the greatest common divisor of 120 and 58360?
40
Calculate the highest common divisor of 63865 and 53.
53
What is the greatest common divisor of 334813 and 333?
37
What is the greatest common divisor of 224173 and 746?
373
What is the greatest common factor of 7982 and 52?
26
Calculate the highest common factor of 17269 and 7.
7
What is the greatest common factor of 160844 and 8532?
316
What is the greatest common factor of 360 and 13752?
72
What is the greatest common divisor of 646229 and 712?
89
Calculate the greatest common factor of 19 and 89661.
19
What is the greatest common divisor of 561 and 28347?
33
What is the greatest common factor of 7450 and 1192?
298
What is the highest common divisor of 468810 and 12?
6
What is the greatest common divisor of 412 and 268?
4
What is the greatest common factor of 896 and 40012?
28
Calculate the greatest common divisor of 1369 and 4805190.
1369
What is the greatest common divisor of 19 and 5679?
1
What is the highest common divisor of 123211 and 759?
253
Calculate the highest common factor of 970 and 2825222.
194
Calculate the highest common factor of 30349 and 6479.
341
What is the highest common factor of 12528 and 1872?
144
What is the greatest common factor of 63 and 449001?
63
What is the greatest common divisor of 280 and 56920?
40
What is the highest common divisor of 2079 and 24570?
189
Calculate the greatest common factor of 1056 and 228261.
33
Calculate the highest common factor of 23888 and 48.
16
What is the greatest common divisor of 39824 and 4009?
19
Calculate the greatest common factor of 6552 and 26052.
156
What is the highest common divisor of 167880 and 90?
30
What is the greatest common factor of 460190 and 170?
170
What is the highest common factor of 14 and 46417?
7
What is the highest common factor of 3122 and 630?
14
What is the greatest common divisor of 419 and 201120?
419
Calculate the highest common divisor of 1130 and 415840.
1130
Calculate the highest common factor of 816 and 784788.
204
What is the greatest common factor of 287112 and 48?
24
Calculate the greatest common divisor of 40388 and 828.
92
Calculate the highest common factor of 52666 and 272.
34
Calculate the greatest common divisor of 77 and 55.
11
Calculate the highest common factor of 319 and 12122.
319
What is the highest common divisor of 446849 and 962?
481
What is the highest common factor of 15 and 6909?
3
Calculate the greatest common divisor of 2393125 and 350.
175
What is the greatest common factor of 2 and 24422?
2
What is the highest common factor of 260139 and 15?
3
Calculate the greatest common divisor of 1786 and 94.
94
Calculate the highest common divisor of 6302909 and 173.
173
What is the greatest common factor of 73008 and 96?
48
What is the highest common divisor of 605 and 3355?
55
Calculate the highest common factor of 124 and 4387492.
124
Calculate the highest common factor of 111199 and 2.
1
What is the greatest common divisor of 27 and 1386657?
9
What is the greatest common factor of 86 and 401706?
86
Calculate the greatest common divisor of 252137 and 445.
89
Calculate the highest common factor of 12617 and 8525.
341
What is the highest common divisor of 96 and 38328?
24
What is the greatest common divisor of 1823 and 22475767?
1823
What is the greatest common factor of 84 and 16512?
12
Calculate the highest common divisor of 1889 and 2.
1
Calculate the highest common divisor of 595 and 72205.
35
Calculate the greatest common divisor of 454509 and 891.
99
What is the greatest common factor of 514 and 973773?
257
What is the highest common factor of 1287 and 1053?
117
Calculate the highest common factor of 171 and 496280.
19
What is the greatest common factor of 15 and 2595?
15
Calculate the highest common divisor of 19548 and 9.
9
What is the greatest common divisor of 1815 and 600402?
363
What is the highest common factor of 14775 and 375?
75
Calcul